 h(g)?
1
Suppose 0 = -0*z - 4*z - 104. Let q = 118 + -61. Let k = z + q. What is the tens digit of k?
3
Let g(t) be the first derivative of -t**4/4 + 11*t**3/3 - 4*t**2 + 4*t - 2. Let w be g(10). What is the units digit of w + -2 + (1 - 0)?
3
Suppose -12*b + 15*b = 858. Suppose 11*h = -0*h + b. What is the units digit of h?
6
Suppose 0 = -13*w + 14*w - 4*b - 1476, -3*b + 7472 = 5*w. What is the tens digit of w?
9
Suppose 12*i - 426 = 18*i. Let k(n) = 16*n + 1. Let f be k(-1). Let o = f - i. What is the tens digit of o?
5
Let z(o) = 2*o - 8. Let p be z(6). Suppose -3*j = -4*l - 8*j + 214, p*l = -3*j + 210. Let v = -5 + l. What is the tens digit of v?
4
What is the hundreds digit of -5 - 90/(3 - (-167)/(-55))?
4
Let l = 49 + 23. Suppose -4*n + 5*n + 177 = 2*b, b + 5*n - l = 0. What is the units digit of b?
7
Let s(f) = -93*f + 2. Let m be s(1). Let a = m - -181. What is the units digit of a?
0
Let x(q) = 6*q + 22. Let l be x(-4). What is the tens digit of 4*l/(-8)*75?
7
Suppose -5*f + 55 = -d - 2*f, d = 5*f - 65. Let c = d + 77. Let n = c + -2. What is the units digit of n?
5
Let m be (1/(-3))/(1/(-12)). Suppose 3*w - 62 = 5*t, -m = t - 0*t. What is the units digit of w?
4
Let p(q) = -q + 180. Let y(m) = -m + 181. Let d(c) = 4*p(c) - 3*y(c). What is the tens digit of d(0)?
7
Let p = -2612 + 3884. What is the units digit of p?
2
Let f be (2 + (0 - 1))/(4/(-1192)). Let o = -182 - f. What is the units digit of o?
6
Let d be 70/1*30/12. Let c = -112 + d. Let i = c + -38. What is the tens digit of i?
2
Let d(g) = -g**2 - 12*g - 15. Let i be d(-10). Suppose 30 = i*a - 4*w, -2*a = 4*w + w - 45. What is the tens digit of 2/a - 1078/(-35)?
3
What is the units digit of 1986/(-4)*(-26)/39?
1
Suppose -3228 = 7*l - 13*l. What is the units digit of l?
8
Let t(f) be the first derivative of -19*f**2/2 - f + 15. What is the units digit of t(-2)?
7
Let h be 3*(-2)/(-4)*2. Suppose -h*q = 5*p - 697, 8*p + 2*q = 3*p + 698. Suppose p = 5*x + y, 3*x + 0*x - 5*y = 56. What is the units digit of x?
7
Let l(u) = -u**3 - 7*u**2 - 6*u + 4. Suppose -23 = 5*j + 7. Let n be l(j). What is the units digit of 1/2*n + -1?
1
Let s(p) be the third derivative of 5*p**4/24 - p**3/3 - 2*p**2. What is the units digit of s(10)?
8
Let a(o) = 0 + 24*o - 1 + 8 - 10. What is the units digit of a(1)?
1
Let a(u) = -3*u + 31. Let d be a(9). Suppose -3*c + d*c = 25. What is the tens digit of c?
2
Suppose -3*t + 1394 = -2*y, t + 4*t + 4*y = 2294. Suppose 46 + t = 4*h. What is the units digit of h?
7
Let f be (0 - 3)/(3/(-15)). Suppose 5*t - f = 2*h, -2*t = -h + 2*h - 6. Suppose 0 = t*l - 6*l + 15. What is the units digit of l?
5
Let d = 4 + 3. Let v be 2/7 + (-51)/d. Let z = v + 17. What is the units digit of z?
0
Let g = -16 - -146. Suppose -4*l = 2*c - g, -5*l = -2*c - l + 154. What is the tens digit of c?
7
Let w(g) = 103*g**3 - g + 2. Let p be w(1). Let k = 124 - p. What is the units digit of k?
0
Let j = -10 - -3. Let h(q) be the third derivative of q**5/60 + q**4/8 - 3*q**3/2 + 4*q**2. What is the tens digit of h(j)?
1
Suppose -21*z = z - 71588. What is the tens digit of z?
5
Let s(j) = j - 6*j + 6*j - 25 - 1. What is the units digit of s(31)?
5
Suppose v - 23 - 1040 = 0. What is the hundreds digit of v?
0
Let g be (0 - (-4 - -2)) + 16. Suppose -32*f = -13*f - 608. Let m = f - g. What is the tens digit of m?
1
Suppose 2*i - 3*y = 15, -3 - 3 = -3*i - y. Suppose i*t - 86 - 16 = 0. What is the tens digit of t?
3
Let f(j) = 20*j**2 + 11*j + 14. What is the units digit of f(6)?
0
Suppose 1898 - 302 = 4*s. What is the tens digit of s?
9
Let g be 2/3*12/2. Suppose -i = g - 7. Suppose -17 = -z + i. What is the tens digit of z?
2
Let y = 6 + -10. Let q(d) = -2 - 4*d - 9*d - d - d**2 + 8*d. What is the units digit of q(y)?
6
Suppose 0*u - 3*v - 1043 = -4*u, 5*u - 3*v - 1300 = 0. What is the tens digit of u?
5
Suppose h = -q + 32, -5*q + h = -3*q - 52. Suppose 2*r = -0*r + q. What is the tens digit of r?
1
Let a(y) = 7*y**2 + 2*y + 1285. What is the tens digit of a(0)?
8
Suppose 0 = -2*s + 4*s - 20. Let h(q) = -q**3 - 2*q**2 + 4*q - 2. Let b be h(-4). What is the units digit of s/(-35) + 760/b?
4
Suppose -6*d = -5*d + 3*g - 4865, d - 2*g = 4880. What is the tens digit of d?
7
Suppose -c + 120 = 2*c. Suppose 5*n - n = c. What is the tens digit of n?
1
Suppose -4*o - q = -0*q + 39, -52 = 5*o - 2*q. What is the units digit of (-4)/o - (303/(-5) - 3)?
4
What is the units digit of (4 - 2345/25)*-5?
9
Let a be (-5)/5*-34 + 1. Suppose -l + 8 + a = 0. What is the units digit of l?
3
Let y(f) = 2*f - 16. Let d(m) = m**3 - 6*m**2 + m + 1. Let t be d(6). Let k be y(t). What is the tens digit of 165/10*k/(-3)?
1
Suppose 37*f - 38*f + 3 = 0. Suppose 49 = s - 3*l, 0*s = -3*s + f*l + 135. What is the units digit of s?
3
Let k(v) = -v**3 + 29*v**2 + v + 24. What is the tens digit of k(9)?
5
Let m(t) be the third derivative of -t**4/24 + 3*t**3/2 - 6*t**2. Let h be m(-8). Suppose -h*f = -12*f - 250. What is the tens digit of f?
5
Let a(o) = -o - 1. Let l be a(-1). Suppose 0*m - m = -5*n - 3, l = 5*n - 2*m + 6. Suppose -4*k + 8 + 20 = n. What is the units digit of k?
7
Suppose z = -4*t + 8*t + 35, 5*z - 5*t - 160 = 0. Let f = z - 26. Suppose f*y = 2*y + 42. What is the units digit of y?
4
Suppose 22 = 5*c + 7. Let g = -32 - -51. Suppose -g - 17 = -c*z. What is the tens digit of z?
1
Suppose -5*j - 2*z - 893 + 10971 = 0, j + 5*z = 2034. What is the units digit of j?
4
Suppose 21*i - 3356 - 2041 = 0. What is the hundreds digit of i?
2
Let i = 699 + -370. What is the tens digit of i?
2
Let u = 81 + -126. Let c be u/(-18)*(2 + 0). Suppose 52 = 9*p - c*p. What is the tens digit of p?
1
Let d(x) = 3323*x**2 + 5*x + 2. What is the units digit of d(-1)?
0
Let z be 6*(-25)/(-10) + (2 - 1). What is the hundreds digit of (z/32)/((-1)/(-202))?
1
Let q(l) be the first derivative of l**3/3 + 3*l**2/2 + 4*l + 10. What is the tens digit of q(-10)?
7
Suppose 0 = -36*v + 38071 - 6859. What is the units digit of v?
7
Let v be 3/(2 + 4)*4. Let x = -2 + v. Suppose x = 4*h, 2*h = -0*m + 4*m - 112. What is the units digit of m?
8
What is the units digit of (12 - 11) + 10/(-2) + 3948?
4
Let g(i) = 4 + 0*i - 16*i + 4*i. Let y be g(-6). Suppose 4*d - y = -8. What is the units digit of d?
7
Let b = -1834 + 6842. What is the hundreds digit of b?
0
Let a(x) = -x**3 + x**2 - x + 4. Let c be a(0). Let p(r) = r**3 - 5*r**2 + 8*r + 5. Let j be p(6). Suppose -c*k = -35 - j. What is the units digit of k?
1
Let v = 12 - 2. What is the tens digit of (-15)/(-2)*56/v?
4
Let y = -361 + 707. What is the units digit of y?
6
Let l(v) = v - 2. Let t be l(1). What is the units digit of t/((-2)/6) + 0?
3
Let b(p) = 4*p**2 - 3*p - 10. Let m be b(-5). Suppose -5*x + 5*i = -345 + m, 2*x + i - 111 = 0. What is the tens digit of x?
5
Let l be (14/(-49))/(1/(-14)). Suppose 0 = 4*f + b + 8, l*b + 15 = f. What is the units digit of (3/9)/(f/(-9))?
3
Let v(x) = 312*x - 56. What is the thousands digit of v(4)?
1
Let v(h) = -h + h + 3 - 2*h. Let z be v(-9). Suppose c - z = -w, -100 = -5*c - 4*w - 0*w. What is the units digit of c?
6
Let n be -5*(2 + 3 + -6). Suppose -a - 368 = -n*a. Suppose -a = d - 5*d. What is the tens digit of d?
2
Suppose c = 42 - 173. Let k = 284 + c. What is the units digit of k?
3
Suppose -10*q - 165 = -15*q. What is the units digit of q?
3
Let q be 4*-1*30/(-24). Suppose v + 179 - 53 = q*b, -112 = -4*b - 2*v. Suppose -5*n + 29 = 3*f - 4*n, 5*n + b = 4*f. What is the units digit of f?
9
What is the hundreds digit of 1680/(-32)*(-60)/7?
4
Let d = -64 - -37. Let y = d + 31. What is the units digit of 43 - (-3 + y)*-1?
4
Suppose 0 = 4*b + w - 570, -138 = 6*b - 7*b + 2*w. What is the hundreds digit of b?
1
Let z(b) = b**3 + 4*b**2 - 2*b - 6. Suppose 4 = -2*h - 2. What is the units digit of z(h)?
9
Let t(v) be the third derivative of -v**6/120 - v**5/15 - v**4/8 - 2*v**3/3 + 7*v**2. What is the units digit of t(-4)?
8
Let j(y) = 2*y - 11. Let x be (-3 + 2)*(-2 + 24). Let i be (-1)/(-2) + x/(-4). What is the units digit of j(i)?
1
Suppose 0 = 11*t - t + 3100. Let s = -168 - t. What is the units digit of s?
2
Suppose 12*v + 345 = 1281. What is the units digit of v?
8
Suppose 980 = 6*n - n. Suppose -r - n = -2*r. What is the tens digit of r?
9
Let p(j) 